{"id":184,"date":"2010-02-03T10:02:56","date_gmt":"2010-02-03T09:02:56","guid":{"rendered":"http:\/\/www.pogotransat2010.visualbites.net\/?page_id=184"},"modified":"2010-02-07T14:37:43","modified_gmt":"2010-02-07T13:37:43","slug":"die-crew-2","status":"publish","type":"page","link":"https:\/\/www.pogotransat2010.visualbites.net\/?page_id=184","title":{"rendered":"Die Crew"},"content":{"rendered":"<p style=\"text-align: left;\">            \n\t\t<div class=\"ngg-gallery-singlepic-image \" style=\"max-width: 600px\">\n\t\t\t    \t<a href=\"https:\/\/www.pogotransat2010.visualbites.net\/wordpress_pogotransat2010\/wp-content\/gallery\/transat-2010-die-crew\/crew_p1130555.jpg\"\n\t\t     title=\"Cafe Sport - wir sind da :) ...\"\n             data-src=\"https:\/\/www.pogotransat2010.visualbites.net\/wordpress_pogotransat2010\/wp-content\/gallery\/transat-2010-die-crew\/crew_p1130555.jpg\"\n             data-thumbnail=\"https:\/\/www.pogotransat2010.visualbites.net\/wordpress_pogotransat2010\/wp-content\/gallery\/transat-2010-die-crew\/thumbs\/thumbs_crew_p1130555.jpg\"\n             data-image-id=\"333\"\n             data-title=\"crew_p1130555\"\n             data-description=\"Cafe Sport - wir sind da :) ...\"\n             target='_self'\n             class=\"ngg-simplelightbox\" rel=\"3a9982176c1790445efd733f1d4331a1\">\n            <img class=\"ngg-singlepic\"\n             src=\"https:\/\/www.pogotransat2010.visualbites.net\/wordpress_pogotransat2010\/wp-content\/gallery\/transat-2010-die-crew\/cache\/crew_p1130555.jpg-nggid03333-ngg0dyn-600x0x100-00f0w010c010r110f110r010t010.jpg\"\n             alt=\"crew_p1130555\"\n             title=\"crew_p1130555\"\n              width=\"600\"               \/>\n    \t<\/a>\n\t\t      <\/div>\n        <\/p>\n<p style=\"text-align: left;\">Die gl\u00fcckliche, aber leider unvollst\u00e4ndig angekommene Crew (v.R Marcin, Olli, J\u00f6rg, Clemens) nach Ankuft im Cafe Sport in Horta und &#8230;<\/p>\n<p style=\"text-align: left;\">            \n\t\t<div class=\"ngg-gallery-singlepic-image \" style=\"max-width: 600px\">\n\t\t\t    \t<a href=\"https:\/\/www.pogotransat2010.visualbites.net\/wordpress_pogotransat2010\/wp-content\/gallery\/transat-2010-die-crew\/crew_id7l1762.jpg\"\n\t\t     title=\"J\u00fcrgen - zum Gl\u00fcck wieder gesund ...\"\n             data-src=\"https:\/\/www.pogotransat2010.visualbites.net\/wordpress_pogotransat2010\/wp-content\/gallery\/transat-2010-die-crew\/crew_id7l1762.jpg\"\n             data-thumbnail=\"https:\/\/www.pogotransat2010.visualbites.net\/wordpress_pogotransat2010\/wp-content\/gallery\/transat-2010-die-crew\/thumbs\/thumbs_crew_id7l1762.jpg\"\n             data-image-id=\"128\"\n             data-title=\"crew_id7l1762\"\n             data-description=\"J\u00fcrgen - zum Gl\u00fcck wieder gesund ...\"\n             target='_self'\n             class=\"ngg-simplelightbox\" rel=\"1029bda611e6e563a763fe39c3c19d72\">\n            <img class=\"ngg-singlepic\"\n             src=\"https:\/\/www.pogotransat2010.visualbites.net\/wordpress_pogotransat2010\/wp-content\/gallery\/transat-2010-die-crew\/cache\/crew_id7l1762.jpg-nggid03128-ngg0dyn-600x0x100-00f0w010c010r110f110r010t010.jpg\"\n             alt=\"crew_id7l1762\"\n             title=\"crew_id7l1762\"\n              width=\"600\"               \/>\n    \t<\/a>\n\t\t      <\/div>\n        <\/p>\n<p style=\"text-align: left;\">&#8230; J\u00fcrgen ist nach seinem Hubschrauberflug zum Gl\u00fcck auch wieder gesund und munter<\/p>\n<p>Die Crew der  Pogo ONE vom 27.12.2009 bis zum 17.01.2010 bestand aus:<\/p>\n<p><strong>&#8211; Olli  -&gt; Skipper und Schnellsegler<br \/>\n&#8211; J\u00f6rg -&gt; Profisteuermann<\/strong><br \/>\n<strong>&#8211; Marcin -&gt; OSC (OnSceneCoodinator)<br \/>\n&#8211; J\u00fcrgen -&gt; Profifischer<br \/>\n&#8211; Clemens -&gt; CSC (ComputerScreenCoordinator)<\/strong><\/p>\n<p><strong>&#8211; P\u00fctz -&gt; Universell einsetzbares Crewmitglied ;)<br \/>\n<\/strong><\/p>\n<p>In der <a href=\"..\/..\/?p=212\">Galerie  Crew<\/a> gibt es noch mehr Bilder der Crewmitglieder &#8230;<\/p>\n","protected":false},"excerpt":{"rendered":"<p>Die gl\u00fcckliche, aber leider unvollst\u00e4ndig angekommene Crew (v.R Marcin, Olli, J\u00f6rg, Clemens) nach Ankuft im Cafe Sport in Horta und &#8230; &#8230; J\u00fcrgen ist nach seinem Hubschrauberflug zum Gl\u00fcck auch wieder gesund und munter Die Crew der Pogo ONE vom 27.12.2009 bis zum 17.01.2010 bestand aus: &#8211; Olli -&gt; Skipper und Schnellsegler &#8211; J\u00f6rg -&gt; [&hellip;]<\/p>\n","protected":false},"author":1,"featured_media":0,"parent":0,"menu_order":2,"comment_status":"closed","ping_status":"closed","template":"","meta":{"_monsterinsights_skip_tracking":false,"_monsterinsights_sitenote_active":false,"_monsterinsights_sitenote_note":"","_monsterinsights_sitenote_category":0,"ngg_post_thumbnail":0},"_links":{"self":[{"href":"https:\/\/www.pogotransat2010.visualbites.net\/index.php?rest_route=\/wp\/v2\/pages\/184"}],"collection":[{"href":"https:\/\/www.pogotransat2010.visualbites.net\/index.php?rest_route=\/wp\/v2\/pages"}],"about":[{"href":"https:\/\/www.pogotransat2010.visualbites.net\/index.php?rest_route=\/wp\/v2\/types\/page"}],"author":[{"embeddable":true,"href":"https:\/\/www.pogotransat2010.visualbites.net\/index.php?rest_route=\/wp\/v2\/users\/1"}],"replies":[{"embeddable":true,"href":"https:\/\/www.pogotransat2010.visualbites.net\/index.php?rest_route=%2Fwp%2Fv2%2Fcomments&post=184"}],"version-history":[{"count":33,"href":"https:\/\/www.pogotransat2010.visualbites.net\/index.php?rest_route=\/wp\/v2\/pages\/184\/revisions"}],"predecessor-version":[{"id":188,"href":"https:\/\/www.pogotransat2010.visualbites.net\/index.php?rest_route=\/wp\/v2\/pages\/184\/revisions\/188"}],"wp:attachment":[{"href":"https:\/\/www.pogotransat2010.visualbites.net\/index.php?rest_route=%2Fwp%2Fv2%2Fmedia&parent=184"}],"curies":[{"name":"wp","href":"https:\/\/api.w.org\/{rel}","templated":true}]}}