{"id":50,"date":"2010-02-01T16:34:00","date_gmt":"2010-02-01T15:34:00","guid":{"rendered":"http:\/\/www.pogotransat2010.visualbites.net\/wordpress_pogotransat2010\/?page_id=50"},"modified":"2010-02-08T19:22:37","modified_gmt":"2010-02-08T18:22:37","slug":"impressum","status":"publish","type":"page","link":"https:\/\/www.pogotransat2010.visualbites.net\/?page_id=50","title":{"rendered":"Impressum"},"content":{"rendered":"<p>Dies ist eine rein PRIVATE Homepage. Es werden keinerlei kommerzielle Interessen verfolgt und keine kostenpflichtige Produkte oder Dienstleistungen auf dieser Homepage angeboten.\u00a0 Diese Seite dient auch nicht als kommerzielle Werbeplattform.<\/p>\n<h2>Kontakt:<\/h2>\n<p>(C)lemens (H)ein<br \/>\nchein(a)gmx(.)de<\/p>\n<h2>Haftungsausschluss:<\/h2>\n<p><strong>Haftung f\u00fcr Inhalte<\/strong><\/p>\n<p>Die Inhalte dieser Seiten wurden mit gr\u00f6\u00dfter Sorgfalt erstellt.        F\u00fcr die Richtigkeit, Vollst\u00e4ndigkeit und Aktualit\u00e4t der Inhalte kann jedoch keine Gew\u00e4hr \u00fcbernehmen. Als Diensteanbieter\u00a0 gem\u00e4\u00df \u00a7 7 Abs.1 TMG ist der Anbieter f\u00fcr        eigene Inhalte auf diesen Seiten nach den allgemeinen Gesetzen verantwortlich.        Nach \u00a7\u00a7 8 bis 10 TMG ist der Diensteanbieter jedoch nicht        verpflichtet, \u00fcbermittelte oder gespeicherte fremde Informationen zu        \u00fcberwachen oder nach Umst\u00e4nden zu forschen, die auf eine rechtswidrige        T\u00e4tigkeit hinweisen. Verpflichtungen zur Entfernung oder Sperrung der        Nutzung von Informationen nach den allgemeinen Gesetzen bleiben hiervon        unber\u00fchrt. Eine diesbez\u00fcgliche Haftung ist jedoch erst ab dem        Zeitpunkt der Kenntnis einer konkreten Rechtsverletzung m\u00f6glich. Bei        Bekanntwerden von entsprechenden Rechtsverletzungen werden diese Inhalte        vom Anbieter umgehend entfernen.<\/p>\n<p><strong>Haftung f\u00fcr Links<\/strong><\/p>\n<p>Dieses Angebot enth\u00e4lt Links zu externen Webseiten Dritter, auf deren        Inhalte der Anbieter keinen Einfluss hat. Deshalb kann f\u00fcr diese        fremden Inhalte auch keine Gew\u00e4hr \u00fcbernommen werden. F\u00fcr die Inhalte        der verlinkten Seiten ist stets der jeweilige Anbieter oder Betreiber der        Seiten verantwortlich. Die verlinkten Seiten wurden zum Zeitpunkt der Verlinkung        auf m\u00f6gliche Rechtsverst\u00f6\u00dfe \u00fcberpr\u00fcft. Rechtswidrige        Inhalte waren zum Zeitpunkt der Verlinkung nicht erkennbar. Eine permanente        inhaltliche Kontrolle der verlinkten Seiten ist jedoch ohne konkrete Anhaltspunkte        einer Rechtsverletzung nicht zumutbar. Bei Bekanntwerden von Rechtsverletzungen        werden\u00a0 derartige Links umgehend entfernen.<\/p>\n<p><strong>Urheberrecht<\/strong><\/p>\n<p>Die durch die Seitenbetreiber erstellten Inhalte und Werke auf diesen Seiten unterliegen dem deutschen Urheberrecht. Die Vervielf\u00e4ltigung, Bearbeitung, Verbreitung und jede Art der Verwertung au\u00dferhalb der Grenzen des Urheberrechtes bed\u00fcrfen der schriftlichen Zustimmung des jeweiligen Autors bzw. Erstellers. Downloads und Kopien dieser Seite sind nur f\u00fcr den privaten, nicht kommerziellen Gebrauch gestattet. Soweit die Inhalte auf dieser Seite nicht vom Betreiber erstellt wurden, werden die Urheberrechte Dritter beachtet. Insbesondere werden Inhalte Dritter als solche gekennzeichnet. Sollten Sie trotzdem auf eine Urheberrechtsverletzung aufmerksam werden, bitten wir um einen entsprechenden Hinweis. Bei Bekanntwerden von Rechtsverletzungen werden wir derartige Inhalte umgehend entfernen.<\/p>\n<p><strong>Datenschutz<\/strong><\/p>\n<p>Die Nutzung dieser Webseite ist in der Regel ohne Angabe personenbezogener Daten m\u00f6glich. Soweit auf diesen Seiten personenbezogene Daten (beispielsweise Name, Anschrift oder eMail-Adressen) erhoben werden, erfolgt dies, soweit m\u00f6glich, stets auf freiwilliger Basis. Diese Daten werden ohne Ihre ausdr\u00fcckliche Zustimmung nicht an Dritte weitergegeben.<\/p>\n<p>Der Anbieter weist darauf hin, dass die Daten\u00fcbertragung im Internet (z.B.        bei der Kommunikation per E-Mail) Sicherheitsl\u00fccken aufweisen kann.        Ein l\u00fcckenloser Schutz der Daten vor dem Zugriff durch Dritte ist nicht        m\u00f6glich.<\/p>\n<p>Der Nutzung von im Rahmen der Impressumspflicht ver\u00f6ffentlichten Kontaktdaten        durch Dritte zur \u00dcbersendung von nicht ausdr\u00fccklich angeforderter        Werbung und Informationsmaterialien wird hiermit ausdr\u00fccklich widersprochen. Der Betreiber der Seiten beh\u00e4lt sich ausdr\u00fccklich rechtliche Schritte        im Falle der unverlangten Zusendung von Werbeinformationen, etwa durch Spam-Mails,        vor.<\/p>\n","protected":false},"excerpt":{"rendered":"<p>Dies ist eine rein PRIVATE Homepage. Es werden keinerlei kommerzielle Interessen verfolgt und keine kostenpflichtige Produkte oder Dienstleistungen auf dieser Homepage angeboten.\u00a0 Diese Seite dient auch nicht als kommerzielle Werbeplattform. Kontakt: (C)lemens (H)ein chein(a)gmx(.)de Haftungsausschluss: Haftung f\u00fcr Inhalte Die Inhalte dieser Seiten wurden mit gr\u00f6\u00dfter Sorgfalt erstellt. F\u00fcr die Richtigkeit, Vollst\u00e4ndigkeit und Aktualit\u00e4t der Inhalte [&hellip;]<\/p>\n","protected":false},"author":1,"featured_media":0,"parent":0,"menu_order":10,"comment_status":"closed","ping_status":"closed","template":"","meta":{"_monsterinsights_skip_tracking":false,"_monsterinsights_sitenote_active":false,"_monsterinsights_sitenote_note":"","_monsterinsights_sitenote_category":0,"ngg_post_thumbnail":0},"_links":{"self":[{"href":"https:\/\/www.pogotransat2010.visualbites.net\/index.php?rest_route=\/wp\/v2\/pages\/50"}],"collection":[{"href":"https:\/\/www.pogotransat2010.visualbites.net\/index.php?rest_route=\/wp\/v2\/pages"}],"about":[{"href":"https:\/\/www.pogotransat2010.visualbites.net\/index.php?rest_route=\/wp\/v2\/types\/page"}],"author":[{"embeddable":true,"href":"https:\/\/www.pogotransat2010.visualbites.net\/index.php?rest_route=\/wp\/v2\/users\/1"}],"replies":[{"embeddable":true,"href":"https:\/\/www.pogotransat2010.visualbites.net\/index.php?rest_route=%2Fwp%2Fv2%2Fcomments&post=50"}],"version-history":[{"count":8,"href":"https:\/\/www.pogotransat2010.visualbites.net\/index.php?rest_route=\/wp\/v2\/pages\/50\/revisions"}],"predecessor-version":[{"id":193,"href":"https:\/\/www.pogotransat2010.visualbites.net\/index.php?rest_route=\/wp\/v2\/pages\/50\/revisions\/193"}],"wp:attachment":[{"href":"https:\/\/www.pogotransat2010.visualbites.net\/index.php?rest_route=%2Fwp%2Fv2%2Fmedia&parent=50"}],"curies":[{"name":"wp","href":"https:\/\/api.w.org\/{rel}","templated":true}]}}